factors of 13/(-26) + 11/2.
5
Suppose 5*t = -5*a, -4*t + 4*a = -0*a + 24. Let p be (1 + 2)/t*0. What are the prime factors of (p + 1)/((-3)/(-33))?
11
Suppose 567 = 32*p - 29*p. What are the prime factors of p?
3, 7
Let n(a) = -a**3 + 3*a**2 + 3*a - 1. Let z be (-3 + 7)*(-2)/(-4). What are the prime factors of n(z)?
3
List the prime factors of (-2)/4*(-3 - 93).
2, 3
List the prime factors of ((-2)/(-3)*3)/(12/282).
47
Suppose 0 = 2*m - 3*m + 57. Let f = -21 + m. Suppose 5*w - 39 = f. What are the prime factors of w?
3, 5
Suppose 4*h = -1 - 7. Let b = 12 - h. List the prime factors of b.
2, 7
Suppose 4*s + 2*n - 6 + 28 = 0, 0 = 4*n + 12. List the prime factors of 20 - (-4)/(s/2).
2, 3
Let s(b) = -b**2 - 10*b + 10. Let z = 2 + -12. Let c be s(z). Suppose -c = -5*p + 4*p. List the prime factors of p.
2, 5
Let z(j) = 25*j + 34. List the prime factors of z(7).
11, 19
Suppose 141 - 33 = 6*w. List the prime factors of w.
2, 3
Let t(n) = -n**3 + 4*n**2 + 5*n + 2. Let y be t(5). List the prime factors of 21 - (6 + 0)/y.
2, 3
Suppose 2*z - 110 = -3*z. Suppose p - 5*y + 4 = 37, 2*p + y = z. List the prime factors of p.
13
Let b be (1/2)/(2/(-48)). Let l(s) = 5*s - 4. Let j be l(-6). List the prime factors of j*2/b*3.
17
Let n = 14 + -16. List the prime factors of 22 + -3 + 0 + n.
17
Let x(i) = -i - 2. Let l be x(-5). Suppose -5*z + 5*o = -4*z + 10, -o + l = 0. Suppose -g - s = -4, z*g - 5 = -s + 7. What are the prime factors of g?
2
Suppose -y + 4*y = 54. Suppose -2*h + 0*h = y. Let u = -5 - h. What are the prime factors of u?
2
Suppose n = 3*t - 21 - 4, -3*n = 4*t - 16. What are the prime factors of t?
7
Let p = 11 - 6. Suppose 2*g = -p*h + 15, -5*g + 9 = -2*h + 5*h. What are the prime factors of h?
3
Suppose 2*m - 3*m = 9. Let w be 8/36 + 2/m. Suppose w = 3*t - 20 - 1. What are the prime factors of t?
7
Suppose -o = -2*p + 3*p + 3, p - 9 = 3*o. Let n(j) = j**3 + 4*j**2 + j - 4. Let s be n(o). Let t = s + 4. List the prime factors of t.
2, 3
Let f(u) = 6*u**3 - 2*u**2 - 7. List the prime factors of f(4).
3, 5, 23
Let h be -6*(-3)/24*-4. Let m be (4/(-6))/(h/9). Suppose -p = -m*p + 10. List the prime factors of p.
2, 5
Suppose 3 = -x + 2*x. Suppose 0 = x*z - 0*z - 33. List the prime factors of z.
11
Let z be (-24)/16*(-1 - 1). What are the prime factors of (-6)/(6/(-9)*z)?
3
Let w be (2 - 3)/(1/(-5)). Let t be ((-4)/w)/((-6)/15). Suppose -3*o + 0*o = -5*a - 38, -2*o - t*a + 36 = 0. What are the prime factors of o?
2
Let x = -37 + 73. Suppose y = -0*y + x. Suppose 4*g + 8 = y. List the prime factors of g.
7
Let n(u) = u + 11. Let j be n(-7). Suppose 2*g - j*g + 32 = 0. List the prime factors of g.
2
What are the prime factors of 16 + -12 - 1/1?
3
Suppose 0 = 2*x + 2*x - 44. Suppose -o = -x + 3. What are the prime factors of o?
2
Let u be 999/15 - 4/(-10). Suppose -3*k - 16 = -u. Let x = k - 6. List the prime factors of x.
11
Let b = -1 - -3. Suppose 0 = -b*p + p + 21. List the prime factors of p.
3, 7
Let q(w) be the first derivative of w**5/60 - 5*w**4/12 - w**3 + 1. Let a(l) be the third derivative of q(l). What are the prime factors of a(11)?
2, 3
Suppose 0*a - 15 = -5*a. Suppose -24 = -3*v + a*w, 0 = 5*v - 2*w + 7*w - 20. List the prime factors of v.
2, 3
Let h = 3 - 4. Let i = h - -3. Suppose 5 = i*a - a. List the prime factors of a.
5
Let k be 2/(-10) + 42/10. Suppose k = x + 2. Suppose x*s - 23 + 3 = 0. List the prime factors of s.
2, 5
What are the prime factors of (-134)/(-1*(-4 + 6))?
67
Let a be (50/40)/(1/(-12)). List the prime factors of ((-6)/a)/(1/65).
2, 13
Let q be (55 + -1)*(0 + 1). Suppose 2*c - 3*v + 24 = -3*c, 0 = -4*c + 3*v - 21. What are the prime factors of 1/(-3*c/q)?
2, 3
Suppose -4*u = 5*h - 6, u + 11 = 3*h - 4*u. Suppose -h*p = -0*p. Suppose p = -4*i - i + 30. List the prime factors of i.
2, 3
Suppose 5*y - h - 870 = 0, -544 - 152 = -4*y - 4*h. What are the prime factors of y?
2, 3, 29
Suppose -8*y = -9*y. Let n(b) = b**3 - b + 10. List the prime factors of n(y).
2, 5
Let c be (-16)/6*54/(-24). List the prime factors of (118/c)/(3/9).
59
Let s(u) = -4*u + 5. Let w be s(-4). Suppose -p = -4*z - 6 + w, 5*z - 2*p = 18. Suppose o - z = 2. List the prime factors of o.
2, 3
Let y be (-5)/15 - 8/(-6). Let g be (7 - y)*1/3. List the prime factors of (1*6 - g)*3.
2, 3
Let r(q) = -q**2 + 7*q - 3. Let n be r(5). Let b(d) = 2*d - 10. Let z be b(n). Suppose -6*x + 2*t + 68 = -x, -x + z = 2*t. List the prime factors of x.
2, 3
Let h(v) = v**3 + 2*v**2 - 1. Let r be 2/(-4) + 1/(-2). Let f be h(r). List the prime factors of (f - -1)*4/2.
2
Suppose u = -0 + 3. Suppose 0 = -j - 2, -u*j - 8 = -3*b + 22. What are the prime factors of b?
2
Let r(p) = -p**2 + 9*p + 4. Let k be r(9). Suppose 219 = k*a + 75. What are the prime factors of a?
2, 3
Let y = 3 - -3. What are the prime factors of y?
2, 3
Let o(x) = -2*x**3 + x**2 - x. Let g be -3 - -1 - (0 + 0). What are the prime factors of o(g)?
2, 11
Let q(k) = 5*k**2 - 9*k - 6. Let l(z) = 6*z**2 - 10*z - 5. Let a be -5 + (2/2 - 0). Let g(h) = a*l(h) + 5*q(h). List the prime factors of g(7).
2
Suppose 3*q - 558 = -6*q. What are the prime factors of q?
2, 31
What are the prime factors of (26/5)/(5/50)?
2, 13
Suppose 0 = 3*t - 5*t - 42. List the prime factors of (72/14)/(t/(-98)).
2, 3
Suppose -3*u + 50 = -91. What are the prime factors of u?
47
Suppose -242 = -3*l + 286. List the prime factors of l.
2, 11
Let q(p) = 13*p + 2. List the prime factors of q(2).
2, 7
Suppose -16 = -4*c + 332. List the prime factors of c.
3, 29
Suppose 0 = -q + 3, -4*u - q = 3 - 14. Let l(s) = -8*s + s**2 - 4*s**2 + u*s**2 - 5. What are the prime factors of l(-7)?
2
Suppose 0*o = 5*o - 5. Let a be o + (-1)/((-3)/(-27)). Let w = 1 - a. What are the prime factors of w?
3
Suppose 5*r - 268 - 212 = 0. Suppose 2*t - 72 = 4*q, 3*t + 5*q - r = -21. Suppose -3*n + y + t = 0, -5*n + 18 + 32 = 4*y. What are the prime factors of n?
2, 5
List the prime factors of -119*(-3 + 7)/(-4).
7, 17
Let w(k) = -k**2 + 11*k - 3. List the prime factors of w(6).
3
Suppose 4*j = 6 + 14. Suppose 2*x - 4*c - 17 - 41 = 0, -3*x - j*c = -120. What are the prime factors of x?
5, 7
Let s(k) = -k**2 + 12*k - 12. Let b be 20/(-6)*(-12)/5. Let w be s(b). Let d = 28 - w. What are the prime factors of d?
2
List the prime factors of ((-6)/(-1))/(-5 + (-80)/(-15)).
2, 3
Let w = -7 - -9. Suppose w*l - 5 = -1. What are the prime factors of l?
2
Let o(j) = -j**2 + 5*j - 1. Let y be o(5). Let d = -8 - y. Let v = -1 - d. List the prime factors of v.
2, 3
Suppose -g - w - 4 = 0, 2*g - 4*w = -g - 5. Let b = 34 + g. List the prime factors of b.
31
Let y = 4 - 5. Let g = 29 + y. List the prime factors of g.
2, 7
Suppose -5*b - 247 = -4*p, 4*b - 122 - 156 = -5*p. What are the prime factors of p?
2, 29
Let p(z) = 3*z**2 + 4*z + 5. List the prime factors of p(-6).
89
Let i(z) = 11*z**2 - z + 1. Let k be i(-2). Let n = -31 + k. What are the prime factors of n?
2
Let p(g) = -7*g - 4 - 3 + 7. Let n be (-2)/4*(0 + 2). What are the prime factors of p(n)?
7
Let g(w) = -5*w**3 + 3*w**2 + w - 2. What are the prime factors of g(-2)?
2, 3
Let j = 27 - 18. Suppose -4*g + j*g - 65 = 0. List the prime factors of g.
13
Suppose -5*v + 2*v = 12. Let l(a) = -a**3 - 4*a**2 - 2*a. Let u be l(v). Let q = 20 - u. List the prime factors of q.
2, 3
Let y be (-3)/(-12) + 15/4. Suppose 5*o - 24 = -a, -2*o = a - 2*a - y. Suppose 0 = 2*w + o*n, 3*w + 5*n + 0 = 1. What are the prime factors of w?
2
Let s(f) = -4*f - 4. List the prime factors of s(-5).
2
What are the prime factors of (-12)/66 + 334/22?
3, 5
Suppose 0*b - 8 = -2*b, -2*d + 92 = -b. List the prime factors of d.
2, 3
Suppose r = -r - 3*u - 97, 144 = -4*r + 4*u. Let k = -20 - r. What are the prime factors of k?
3, 7
Let g(b) = 44*b**2 + 6*b + 12. What are the prime factors of g(-2)?
2, 11
Suppose 5*v = -106 + 546. List the prime factors of v.
2, 11
Suppose 10*w - 4*w - 2298 = 0. List the prime factors of w.
383
Let q(r) = r**3 - 4*r**2 + r + 5. Let m = -10 - -17. Suppose -2*x - 2*i + 18 = -m*i, -4*x = 3*i - 10. What are the prime factors of q(x)?
3
Suppose -4 + 13 = -3*i. Let h be (-6)/5*10/i. Suppose 4*l + 10 = 4*n + 2, 0 = l + h*n - 18. What are the prime factors of l?
2
Let x(c) = -c**2 - 4*c - 3. Let a be x(-4). Let k = -1 - a. Let y = k